the highest common factor of 126 and 1008.
126
Calculate the greatest common factor of 36 and 198.
18
Calculate the highest common factor of 9 and 144.
9
Calculate the greatest common factor of 24 and 588.
12
What is the highest common factor of 34 and 1394?
34
What is the highest common factor of 4087 and 134?
67
Calculate the highest common divisor of 166 and 2407.
83
What is the greatest common divisor of 28 and 532?
28
What is the greatest common divisor of 3570 and 1050?
210
What is the greatest common factor of 75 and 40450?
25
Calculate the greatest common factor of 18 and 2.
2
Calculate the highest common factor of 17150 and 1029.
343
What is the greatest common divisor of 20 and 5?
5
What is the greatest common divisor of 17 and 51?
17
Calculate the highest common factor of 330 and 210.
30
What is the highest common factor of 229 and 1145?
229
What is the highest common factor of 115 and 12512?
23
Calculate the greatest common divisor of 6 and 1074.
6
What is the highest common factor of 2163 and 21?
21
Calculate the highest common divisor of 4108 and 632.
316
Calculate the highest common factor of 3364 and 4.
4
Calculate the highest common factor of 39 and 24.
3
Calculate the greatest common divisor of 190 and 24985.
95
What is the greatest common divisor of 9 and 9783?
9
What is the highest common factor of 256 and 16?
16
What is the highest common divisor of 13 and 299?
13
Calculate the greatest common divisor of 432 and 16.
16
Calculate the highest common factor of 434 and 124.
62
Calculate the greatest common factor of 48 and 9624.
24
Calculate the highest common factor of 3 and 21.
3
What is the greatest common factor of 13 and 47?
1
What is the highest common divisor of 75 and 285?
15
What is the greatest common divisor of 12 and 732?
12
What is the highest common divisor of 1130 and 30?
10
What is the highest common divisor of 338 and 156?
26
What is the highest common factor of 96 and 240?
48
What is the highest common divisor of 26878 and 302?
302
What is the greatest common factor of 16692 and 1070?
214
What is the greatest common factor of 4061 and 93?
31
What is the greatest common factor of 23 and 1?
1
What is the greatest common factor of 1832 and 104?
8
What is the greatest common divisor of 118 and 708?
118
Calculate the highest common divisor of 1 and 29.
1
Calculate the highest common divisor of 2 and 1202.
2
What is the greatest common divisor of 5630 and 30?
10
What is the highest common factor of 40 and 670?
10
What is the highest common divisor of 110 and 15?
5
What is the greatest common factor of 99 and 11?
11
Calculate the greatest common divisor of 1 and 401.
1
Calculate the highest common divisor of 1890 and 255.
15
Calculate the greatest common divisor of 420 and 300.
60
Calculate the highest common divisor of 36 and 24.
12
Calculate the greatest common factor of 205 and 1394.
41
Calculate the highest common divisor of 46 and 161.
23
What is the highest common divisor of 161 and 69?
23
Calculate the greatest common factor of 156 and 2886.
78
What is the greatest common divisor of 572 and 836?
44
Calculate the highest common divisor of 329 and 7.
7
What is the greatest common divisor of 1196 and 52?
52
What is the highest common divisor of 18 and 243?
9
What is the highest common divisor of 280 and 20?
20
What is the highest common factor of 112 and 182?
14
What is the highest common factor of 1512 and 336?
168
What is the greatest common factor of 280 and 35?
35
Calculate the highest common divisor of 9762 and 6.
6
Calculate the highest common factor of 27 and 13392.
27
What is the highest common factor of 315 and 3045?
105
Calculate the highest common factor of 48 and 52.
4
What is the greatest common divisor of 76 and 76?
76
Calculate the greatest common factor of 544 and 527.
17
What is the greatest common divisor of 940 and 40?
20
What is the highest common divisor of 1517 and 37?
37
What is the highest common factor of 165 and 638?
11
Calculate the greatest common divisor of 162 and 141.
3
Calculate the greatest common factor of 23 and 5336.
23
What is the highest common factor of 754 and 26?
26
Calculate the greatest common factor of 230 and 10.
10
What is the greatest common divisor of 17 and 833?
17
What is the highest common factor of 99 and 9?
9
Calculate the greatest common factor of 3610 and 5.
5
Calculate the highest common factor of 24 and 24.
24
What is the highest common divisor of 40 and 820?
20
What is the greatest common factor of 27 and 30?
3
What is the greatest common factor of 9 and 1?
1
What is the greatest common divisor of 252 and 48?
12
What is the highest common factor of 15 and 8145?
15
What is the greatest common divisor of 6 and 72840?
6
What is the highest common factor of 640 and 56?
8
Calculate the highest common factor of 99 and 9.
9
Calculate the highest common divisor of 5184 and 2376.
216
What is the highest common factor of 763 and 1199?
109
What is the greatest common factor of 7362 and 54?
18
What is the highest common divisor of 891 and 11?
11
Calculate the highest common divisor of 39504 and 8.
8
What is the highest common divisor of 3843 and 126?
63
What is the greatest common factor of 377 and 130?
13
What is the greatest common factor of 304 and 190?
38
Calculate the highest common factor of 125 and 3775.
25
Calculate the highest common divisor of 13 and 28717.
13
Calculate the greatest common factor of 99 and 275.
11
What is the greatest common factor of 3600 and 576?
144
Calculate the highest common divisor of 314 and 16799.
157
What is the highest common divisor of 354 and 18?
6
Calculate the highest common divisor of 240 and 27600.
240
What is the highest common divisor of 352 and 160?
32
Calculate the greatest common factor of 52 and 51818.
26
What is the greatest common divisor of 1176 and 1080?
24
Calculate the greatest common divisor of 40 and 152.
8
Calculate the highest common factor of 187 and 13.
1
Calculate the greatest common divisor of 1386 and 54.
18
What is the highest common divisor of 99 and 132?
33
What is the greatest common divisor of 1488 and 168?
24
Calculate the highest common divisor of 320 and 270.
10
What is the greatest common divisor of 2847 and 5913?
219
What is the greatest common factor of 69 and 897?
69
Calculate the greatest common divisor of 651 and 11284.
217
Calculate the greatest common factor of 19272 and 264.
264
What is the greatest common divisor of 47 and 564?
47
Calculate the highest common factor of 28 and 35.
7
What is the highest common divisor of 104 and 25675?
13
Calculate the highest common factor of 1625 and 13.
13
What is the greatest common divisor of 429 and 66?
33
What is the greatest common factor of 15 and 54?
3
What is the highest common factor of 198 and 144?
18
Calculate the greatest common divisor of 77 and 231.
77
Calculate the highest common factor of 517 and 143.
11
Calculate the highest common divisor of 56 and 2492.
28
Calculate the greatest common factor of 11 and 22.
11
Calculate the greatest common divisor of 3995 and 680.
85
What is the highest common factor of 108 and 4?
4
What is the highest common factor of 39200 and 80?
80
Calculate the greatest common divisor of 115 and 414.
23
What is the highest common divisor of 128 and 160?
32
Calculate the highest common divisor of 494 and 26.
26
What is the greatest common divisor of 2280 and 360?
120
Calculate the greatest common divisor of 112 and 6.
2
Calculate the greatest common divisor of 225 and 9750.
75
What is the highest common divisor of 30 and 6105?
15
Calculate the greatest common factor of 14 and 42.
14
What is the greatest common factor of 68 and 111?
1
What is the greatest common divisor of 95 and 25?
5
What is the greatest common divisor of 32623 and 323?
323
Calculate the greatest common divisor of 532 and 1520.
76
Calculate the greatest common factor of 18 and 1449.
9
What is the highest common divisor of 24948 and 12?
12
Calculate the greatest common divisor of 278 and 1251.
139
What is the greatest common divisor of 168 and 192?
24
What is the greatest common factor of 338 and 12337?
169
Calculate the greatest common factor of 481 and 74.
37
What is the highest common factor of 1095 and 45?
15
What is the greatest common 